y(-9)?
2
Let j(c) = 6*c + 132. Give j(-22).
0
Let q(v) = -10*v - 44. Determine q(-7).
26
Let w(i) = i**2 + 17*i - 11. Give w(-16).
-27
Let i(s) = 2*s**3 - 18*s**2 + 2. Calculate i(9).
2
Let m(c) = c**2 + 16*c + 7. What is m(-6)?
-53
Let b(a) = -a**2 + 27*a + 44. Determine b(29).
-14
Let a(p) = p**3 - 5*p - 1. What is a(-4)?
-45
Let h(g) = 2*g**3 - 2*g**2 + g + 2. Determine h(-2).
-24
Let c(i) = -i**2 + 17*i + 177. Give c(-8).
-23
Let t(p) = -p**3 + p**2 - p - 44. Determine t(0).
-44
Let b(g) = -12*g + 30. What is b(3)?
-6
Let g(z) = z**2 - 10*z + 11. Determine g(8).
-5
Let t(q) = -q + 6. Give t(0).
6
Let j(t) = 2*t**2 + 10*t - 3. Calculate j(-9).
69
Let f(o) = -o**2 + 24*o - 76. Calculate f(4).
4
Let d(g) = 5*g**2 - 2*g - 2. Determine d(-1).
5
Let o(x) = -17*x - 142. Determine o(-9).
11
Let m(z) = -8*z - 6. Give m(-7).
50
Let o(j) = 31*j + 14. What is o(-1)?
-17
Let f(a) = a - 30. Calculate f(23).
-7
Let k(y) = y**3 + 5*y**2 - 6*y - 9. Determine k(-6).
-9
Let b(f) = -f**2 + 9*f + 3. Give b(8).
11
Let r(u) = -6*u - 8. What is r(-14)?
76
Let b(k) = -65*k - 407. Calculate b(-6).
-17
Let i(h) = -5*h - 70. Give i(-13).
-5
Let y(b) = 21*b**3 - b. Calculate y(1).
20
Let l(u) = 2*u**2 - 4. Give l(-3).
14
Let c(v) = 21*v + 45. Determine c(-2).
3
Let a(f) = -f - 53. Determine a(-5).
-48
Let b(u) = u**3 - 7*u**2 + 3*u + 9. Determine b(6).
-9
Let j(o) = 29*o - 109. Calculate j(4).
7
Let q(w) = w**3 + 15*w**2 - 17*w - 35. What is q(-16)?
-19
Let x(q) = -q**2 - 11*q + 26. Give x(-12).
14
Let z(m) = -45*m - 94. What is z(-2)?
-4
Let c(l) = l**2 - 5*l + 4. Determine c(3).
-2
Let w(c) = 2*c**3 - 4*c**2 - 2*c + 6. What is w(3)?
18
Let r(f) = f**3 - 7*f**2 + 5*f - 11. What is r(7)?
24
Let p(z) = -z**2 - 2*z + 1. Calculate p(-6).
-23
Let j(c) = 2*c**2 - 11*c + 12. Determine j(6).
18
Let v(x) = -3*x**3 - 7*x**2 + 4*x + 3. Calculate v(-3).
9
Let t(s) = -s**2 + 19*s - 12. Give t(14).
58
Let l(t) = -t**3 + 5*t**2 + 6*t - 17. Give l(5).
13
Let k(h) = h**3 + 7*h**2 + 9*h + 10. Calculate k(-6).
-8
Let o(u) = u**3 + u - 4. Calculate o(-3).
-34
Let i(n) = n - 37. What is i(11)?
-26
Let q(c) = c**3 - 17*c**2 + 9*c + 28. Give q(16).
-84
Let p(z) = -2*z**3 - 23*z**2 + 14*z + 26. What is p(-12)?
2
Let q(o) = o**2 - 13*o + 10. Calculate q(7).
-32
Let d(v) = -2*v**3 - 4. Give d(-2).
12
Let v(q) = -q**2 - 21*q - 12. Determine v(-17).
56
Let v(d) = -d**2 - 12*d + 213. What is v(10)?
-7
Let x(u) = u**2 - u + 4. Give x(0).
4
Let z(c) = c**2 + 20*c + 23. Calculate z(-18).
-13
Let z(x) = x**2 + 12*x + 17. What is z(-14)?
45
Let f(c) = c**3 - 13*c**2 + 14*c - 23. Give f(12).
1
Let r(b) = -12*b + 41. Calculate r(3).
5
Let f(q) = -q**3 - 2*q**2 + 6*q - 5. Give f(-5).
40
Let n(d) = -28*d + 146. Calculate n(5).
6
Let l(q) = q**3 + 11*q**2 + 4*q - 8. Give l(-11).
-52
Let r(z) = 2*z - 6. Give r(5).
4
Let q(i) = -30*i - 183. What is q(-7)?
27
Let i(m) = m**2 - 3*m + 5. Give i(2).
3
Let b(h) = 25*h**2 - 2*h - 2. Give b(-1).
25
Let o(j) = -j**2 + 3*j + 4. Give o(4).
0
Let v(o) = -15*o**2 + 10*o + 11. What is v(-1)?
-14
Let m(s) = -s**2 - 20*s + 2. Calculate m(-13).
93
Let r(t) = -t**3 - 5*t**2 - 2*t + 5. What is r(-3)?
-7
Let g(m) = 3*m - 30. Give g(16).
18
Let b(i) = i**3 + 13*i**2 + 26*i + 41. Determine b(-11).
-3
Let d(h) = -h**3 - 3*h**2 - h. Calculate d(-1).
-1
Let v(h) = h**2 + 6*h - 1. Give v(-4).
-9
Let i(r) = -r**3 - 10*r**2 + 4*r + 32. Determine i(-10).
-8
Let r(y) = y**2 + 4*y - 13. Give r(2).
-1
Let s(y) = -2*y**3 + 30*y**2 - y + 13. Give s(15).
-2
Let r(a) = -a**3 - 4*a**2 + 34*a + 12. Determine r(-8).
-4
Let v(g) = -g**3 + g**2 - 81. What is v(0)?
-81
Let r(h) = -h**3 - h**2 + 4*h + 12. Determine r(5).
-118
Let f(r) = 8*r**3 - 2*r + 2. Calculate f(1).
8
Let k(t) = -2*t**2 - 2*t + 5. Determine k(-6).
-55
Let b(j) = -11*j**2 - 2*j + 5. Determine b(-3).
-88
Let n(k) = -k**3 + 17*k**2 - 36*k + 92. Determine n(15).
2
Let x(w) = -54*w - 161. Determine x(-3).
1
Let x(j) = 12*j + 1. What is x(-1)?
-11
Let s(l) = -14*l - 3. Calculate s(2).
-31
Let r(z) = -z**3 + 7*z**2 - 8*z + 2. Give r(6).
-10
Let d(f) = 7*f + 84. Determine d(-12).
0
Let t(p) = -2*p**2 - 11*p - 6. Give t(-4).
6
Let v(i) = i**3 + 2*i**2 - 2*i + 28. Calculate v(0).
28
Let a(c) = -c**3 + 6*c**2 - 5*c - 3. Give a(4).
9
Let t(n) = -2*n**2 - 9*n + 15. Calculate t(-6).
-3
Let q(k) = 11*k + 346. Calculate q(-32).
-6
Let s(b) = -19*b + 160. Give s(8).
8
Let u(m) = 3*m**2 + 3*m + 18. What is u(5)?
108
Let y(r) = r**2 - 2*r + 2. Give y(-3).
17
Let x(c) = c**2 - 15*c - 20. Determine x(16).
-4
Let r(s) = -s**3 + 3*s**2 + s + 9. Calculate r(4).
-3
Let b(j) = -2*j**2 - 55*j + 41. What is b(-28)?
13
Let v(g) = 12*g**2 + g - 2. Determine v(-2).
44
Let a(i) = -i**2 + 16*i - 7. Determine a(12).
41
Let k(n) = 53*n - 153. Calculate k(3).
6
Let d(w) = 2*w**2 - 10*w - 9. Determine d(-1).
3
Let q(u) = 2*u + 18. Calculate q(-9).
0
Let z(p) = 30*p + 227. Determine z(-8).
-13
Let j(v) = -v**3 - 2*v**2 + 24*v + 3. Give j(-4).
-61
Let o(k) = 3*k - 6. Calculate o(4).
6
Let n(m) = 29*m**3 + 3*m**2 - m - 1. What is n(1)?
30
Let v(g) = -g**3 - 6*g**2 - 5*g + 1. Calculate v(-4).
-11
Let b(t) = 17*t + 8. Calculate b(-1).
-9
Let q(b) = 5*b - 2. What is q(1)?
3
Let o(c) = 21*c - 574. What is o(27)?
-7
Let o(i) = -i**2 - 3*i + 24. Determine o(5).
-16
Let g(j) = j**2 + 6*j + 3. Determine g(-4).
-5
Let l(y) = y**2 - 21*y - 98. Determine l(25).
2
Let d(w) = w**2 - w + 8. Calculate d(0).
8
Let p(s) = 2*s + 49. Determine p(-18).
13
Let z(g) = -192*g + 1341. Determine z(7).
-3
Let l(k) = -3*k + 98. Determine l(35).
-7
Let o(u) = -3*u + 14. Calculate o(-7).
35
Let x(f) = -f**3 - 4*f**2 + 21*f + 56. Give x(-6).
2
Let i(y) = y**3 - 6*y**2 - y - 3. Calculate i(5).
-33
Let c(k) = -k - 15. Give c(0).
-15
Let w(h) = h**2 + 6*h + 2. Determine w(-9).
29
Let x(r) = r**3 + 17*r**2 + 17*r + 13. Give x(-16).
-3
Let y(h) = 6*h**2 + 7*h + 8. Calculate y(-3).
41
Let m(l) = -61*l - 424. What is m(-7)?
3
Let n(c) = -2*c**2 - 44*c + 8. Calculate n(-21).
50
Let i(d) = d**2 - 10. Calculate i(-5).
15
Let k(d) = -d**3 - 6*d**2 - 2*d - 9. Determine k(-6).
3
Let n(v) = 4*v**2 + 32*v - 16. Calculate n(-9).
20
Let q(f) = 49*f**2 - 1. Give q(-1).
48
Let k(b) = 48*b**2 + 2*b + 1. What is k(-1)?
47
Let w(u) = -8*u**3 - u**2 - 4*u - 2. Give w(-1).
9
Let o(t) = -t + 11. Determine o(23).
-12
Let f(q) = q**3 + 8*q**2 - 25*q - 59. Determine f(-10).
-9
Let g(y) = 9*y**2 - 2. Determine g(2).
34
Let c(r) = -r**3 + 23*r**2 - 73*r + 257. What is c(20)?
-3
Let p(h) = h**2 + 3*h + 33. Determine p(-13).
163
Let n(m) = 2*m + 14. What is n(-11)?
-8
Let w(u) = -6*u - 9. Calculate w(13).
-87
Let s(z) = 2*z**3 + 36*z**2 + 2*z + 36. Determine s(-18).
0
Let s(c) = -2*c + 11. Give s(1).
9
Let d(i) = i**3 - 10*i**2 - 2*i - 2. Determine d(11).
97
Let o(d) = -d**3 + 7*d**2 - 11*d + 26. What is o(6)?
-4
Let d(o) = -3*o**2 + 4*o + 4. Give d(-4).
-60
Let y(l) = 3*l - 4. Give y(-1).
-7
Let s(z) = z**3 - 16*z**2 + 27*z + 18. What is s(14)?
4
Let v(f) = -f**2 - 10*f. Give v(-11).
-11
Let d(c) = 34*c + 543. What is d(-16)?
-1
Let m(y) = y**2 + 11*y - 442. Calculate m(-27).
-10
Let n(g) = -g - 17. Calculate n(-12).
-5
Let h(s) = s**3 - 6*s**2 + 6*s. Determine h(5).
5
Let w(q) = -q**3 + 4*q**2 + 7*q. Calculate w(5).
10
Let x(a) = a**3 - 13*a**2 + 20*a + 14. What is x(9)?
-130
Let m(t) = t**3 - 9*t**2 + 9*t - 9. What is m(8)?
-1
Let o(t) = t**3 + 28*t**2 - 22*t + 46. Determine o(-29).
-157
Let h(i) = i**3 - 9*i**2 + 2*i - 21. Give h(9).
-3
Let f(t) = 2*t**2 - 59*t + 230. What is f(25)?
5
Let h(y) = -y**3 - y + 7. Give h(-4).
75
Let o(w) = w**3 + 9*w**2 + 3*w - 39. Give o(-8).
1
Let o(p) = -2*p**2 - 5*p - 5. Determine o(-2).
-3
Let x(k) = -2*k**2 - 54*k - 184. What is x(-23)?
0
Let k(w) = -w**2 + 3*w + 18. Give k(6).
0
Let d(s) = -s**2 + 5*s + 7. Calculate d(7).
-7
Let z(j) = -9*j + 4. What is z(-5)?
49
Let d(n) = -7*n**2 - 4*n. Determine d(-1).
-3
Let v(o) = -o**2 + 3*o - 3. Determine v(2).
-1
Let h(p) = 15*p - 149. Determine h(10).
1
Let m(q) = -q**3 - 13*q**2 + 34*q + 65. What is m(-15)?
5
Let i(n) = -n**3 + n**2 - 2*n - 1. What is i(3)?
-25
Let i(h) = -3*h**2 + 29*h + 5. What is i(6)?
71
Let z(h) = h**2 - h + 17. Determine z(0).
17
Let q(s) = -s - 8. Determine q(-15).
7
Let q(o) = o**2 + o - 2. Calculate q(0).
-2
Let s